{"id":317,"date":"2019-11-13T14:51:20","date_gmt":"2019-11-13T16:51:20","guid":{"rendered":"http:\/\/acquafisioitatiba.com.br\/?page_id=317"},"modified":"2019-11-16T18:58:56","modified_gmt":"2019-11-16T20:58:56","slug":"drenagem-linfatica","status":"publish","type":"page","link":"https:\/\/acquafisioitatiba.com.br\/?page_id=317","title":{"rendered":"DRENAGEM LINF\u00c1TICA"},"content":{"rendered":"\t\t<div data-elementor-type=\"wp-page\" data-elementor-id=\"317\" class=\"elementor elementor-317\">\n\t\t\t\t\t\t<section class=\"elementor-section elementor-top-section elementor-element elementor-element-387af90a elementor-section-content-top elementor-section-stretched elementor-section-full_width elementor-section-height-min-height elementor-section-items-top elementor-section-height-default\" data-id=\"387af90a\" data-element_type=\"section\" data-settings=\"{&quot;background_background&quot;:&quot;classic&quot;,&quot;stretch_section&quot;:&quot;section-stretched&quot;}\">\n\t\t\t\t\t\t<div class=\"elementor-container elementor-column-gap-no\">\n\t\t\t\t\t<div class=\"elementor-column elementor-col-50 elementor-top-column elementor-element elementor-element-3e6988\" data-id=\"3e6988\" data-element_type=\"column\">\n\t\t\t<div class=\"elementor-widget-wrap elementor-element-populated\">\n\t\t\t\t\t\t<div class=\"elementor-element elementor-element-e45e579 elementor-widget elementor-widget-image\" data-id=\"e45e579\" data-element_type=\"widget\" data-widget_type=\"image.default\">\n\t\t\t\t<div class=\"elementor-widget-container\">\n\t\t\t\t\t\t\t\t\t\t\t\t\t<img fetchpriority=\"high\" decoding=\"async\" width=\"2560\" height=\"2560\" src=\"https:\/\/acquafisioitatiba.com.br\/wp-content\/uploads\/2019\/11\/DRENAGEM_LINF\u00c1TICA-scaled.jpg\" class=\"attachment-full size-full wp-image-363\" alt=\"\" srcset=\"https:\/\/acquafisioitatiba.com.br\/wp-content\/uploads\/2019\/11\/DRENAGEM_LINF\u00c1TICA-scaled.jpg 2560w, https:\/\/acquafisioitatiba.com.br\/wp-content\/uploads\/2019\/11\/DRENAGEM_LINF\u00c1TICA-300x300.jpg 300w, https:\/\/acquafisioitatiba.com.br\/wp-content\/uploads\/2019\/11\/DRENAGEM_LINF\u00c1TICA-1024x1024.jpg 1024w, https:\/\/acquafisioitatiba.com.br\/wp-content\/uploads\/2019\/11\/DRENAGEM_LINF\u00c1TICA-150x150.jpg 150w, https:\/\/acquafisioitatiba.com.br\/wp-content\/uploads\/2019\/11\/DRENAGEM_LINF\u00c1TICA-768x768.jpg 768w, https:\/\/acquafisioitatiba.com.br\/wp-content\/uploads\/2019\/11\/DRENAGEM_LINF\u00c1TICA-1536x1536.jpg 1536w, https:\/\/acquafisioitatiba.com.br\/wp-content\/uploads\/2019\/11\/DRENAGEM_LINF\u00c1TICA-2048x2048.jpg 2048w, https:\/\/acquafisioitatiba.com.br\/wp-content\/uploads\/2019\/11\/DRENAGEM_LINF\u00c1TICA-1568x1568.jpg 1568w\" sizes=\"(max-width: 2560px) 100vw, 2560px\" \/>\t\t\t\t\t\t\t\t\t\t\t\t\t<\/div>\n\t\t\t\t<\/div>\n\t\t\t\t\t<\/div>\n\t\t<\/div>\n\t\t\t\t<div class=\"elementor-column elementor-col-50 elementor-top-column elementor-element elementor-element-57aa340f\" data-id=\"57aa340f\" data-element_type=\"column\">\n\t\t\t<div class=\"elementor-widget-wrap elementor-element-populated\">\n\t\t\t\t\t\t<div class=\"elementor-element elementor-element-7fd657fc elementor-widget elementor-widget-text-editor\" data-id=\"7fd657fc\" data-element_type=\"widget\" data-widget_type=\"text-editor.default\">\n\t\t\t\t<div class=\"elementor-widget-container\">\n\t\t\t\t\t\t\t<p>A drenagem linf\u00e1tica \u00e9 uma t\u00e9cnica que, por meio da massagem, direciona o excesso de l\u00edquidos para os g\u00e2nglios linf\u00e1ticos. Dessa maneira, esse excesso \u00e9 mais facilmente eliminado do organismo \u2013 muitas vezes, pela urina. Durante a gravidez, ocorre o aumento na produ\u00e7\u00e3o hormonal. Isso leva, entre outras coisas, a uma tend\u00eancia maior na reabsor\u00e7\u00e3o do s\u00f3dio e uma consequente reten\u00e7\u00e3o h\u00eddrica, que se traduz em incha\u00e7o. Os benef\u00edcios da drenagem linf\u00e1tica na gesta\u00e7\u00e3o \u00e9 ativar as circula\u00e7\u00f5es venosas e linf\u00e1ticas e, assim, reduzir a reten\u00e7\u00e3o de l\u00edquido e diminui o incha\u00e7o. De quebra, a massagem tamb\u00e9m relaxa, alivia a tens\u00e3o e as dores musculares.<\/p>\t\t\t\t\t\t<\/div>\n\t\t\t\t<\/div>\n\t\t\t\t\t<\/div>\n\t\t<\/div>\n\t\t\t\t\t<\/div>\n\t\t<\/section>\n\t\t\t\t<\/div>\n\t\t","protected":false},"excerpt":{"rendered":"<p>A drenagem linf\u00e1tica \u00e9 uma t\u00e9cnica que, por meio da massagem, direciona o excesso de l\u00edquidos para os g\u00e2nglios linf\u00e1ticos. Dessa maneira, esse excesso \u00e9 mais facilmente eliminado do organismo \u2013 muitas vezes, pela urina. Durante a gravidez, ocorre o aumento na produ\u00e7\u00e3o hormonal. Isso leva, entre outras coisas, a uma tend\u00eancia maior na reabsor\u00e7\u00e3o&hellip; <br \/> <a class=\"read-more\" href=\"https:\/\/acquafisioitatiba.com.br\/?page_id=317\">Leia mais<\/a><\/p>\n","protected":false},"author":1,"featured_media":0,"parent":0,"menu_order":0,"comment_status":"closed","ping_status":"closed","template":"page-templates\/homepage.php","meta":{"footnotes":""},"class_list":["post-317","page","type-page","status-publish","hentry"],"_links":{"self":[{"href":"https:\/\/acquafisioitatiba.com.br\/index.php?rest_route=\/wp\/v2\/pages\/317"}],"collection":[{"href":"https:\/\/acquafisioitatiba.com.br\/index.php?rest_route=\/wp\/v2\/pages"}],"about":[{"href":"https:\/\/acquafisioitatiba.com.br\/index.php?rest_route=\/wp\/v2\/types\/page"}],"author":[{"embeddable":true,"href":"https:\/\/acquafisioitatiba.com.br\/index.php?rest_route=\/wp\/v2\/users\/1"}],"replies":[{"embeddable":true,"href":"https:\/\/acquafisioitatiba.com.br\/index.php?rest_route=%2Fwp%2Fv2%2Fcomments&post=317"}],"version-history":[{"count":0,"href":"https:\/\/acquafisioitatiba.com.br\/index.php?rest_route=\/wp\/v2\/pages\/317\/revisions"}],"wp:attachment":[{"href":"https:\/\/acquafisioitatiba.com.br\/index.php?rest_route=%2Fwp%2Fv2%2Fmedia&parent=317"}],"curies":[{"name":"wp","href":"https:\/\/api.w.org\/{rel}","templated":true}]}}